w**4/12 - 4*w**3/3 - w**2 - w - 26. Give f(-6).
10
Let z(w) = w**3 + 6*w**2 - 9*w - 9. Let c be (-21)/14*8/(-3). Let a(p) = p**2 - 3*p - 11. Let f be a(c). What is z(f)?
5
Let h(r) = 4*r**3 + r**2. Let d be h(1). Let o(k) = 3*k**2 - 3*k**2 + d*k**2 - 4*k**2. Suppose 2*c + 10 = -3*c + 2*t, 0 = c - 5*t + 25. Calculate o(c).
0
Let z(j) = -j - 2. Let r(w) = -4*w - 12. Let i be r(-9). Let a = 18 - i. Determine z(a).
4
Let m(b) be the third derivative of -b**5/60 + b**4/24 - 10*b**3/3 - 2*b**2 - 237. Give m(0).
-20
Let q = -57 - -52. Let j(d) = -4 + d + 5*d**2 - 5*d**2 - 3*d**3 - 4*d. Let b(r) = 2*r**3 - r**2 + 4*r + 4. Let s(a) = -4*b(a) - 3*j(a). Calculate s(q).
6
Let a(o) = -1 + 42*o**3 - 53*o**3 - 3*o**2 - 1 - 3*o + 8*o**3. Suppose -3 = c - 1. What is a(c)?
16
Let l = 107 + -55. Let b = l + -57. Let n(a) = a**3 + 5*a**2 - 4. Calculate n(b).
-4
Suppose -4*d + 5*b - 20 = 0, 4 = 4*d + 2*b - 4. Let i(l) = -l**3 - 22. Determine i(d).
-22
Suppose 0 = -10*k + 15*k - 20. Let i(y) = 13*y - 8*y - k*y - 4. Calculate i(0).
-4
Suppose -10*f - 66 = -21*f. Let g(i) be the second derivative of i**5/20 - i**4/2 + i**3/6 - 4*i**2 + 4*i. Calculate g(f).
-2
Let g(n) = 11 - 2 - 3 + 4*n - 4. Calculate g(-2).
-6
Let q(t) = -t**3 - 6*t**2 + 6*t - 9. Let f be q(-7). Let v(r) = 3*r**3 + 2*r**2 - 1. Calculate v(f).
-17
Let n(u) = u + 2. Let w(k) = k**2 + 10*k + 8. Let t be w(-11). Let f = t + -17. Suppose -3*a - f*a = 15. Give n(a).
-1
Let i(l) = l**2 + 2*l - 5. Let w be (-83)/(-6) - 4/(-24). Suppose -6 = 2*q, 0*q - w = 5*h - 2*q. Determine i(h).
3
Let g(u) = -5*u. Suppose -14 = 2*s - 5*t, 0 = t - 5 + 1. Let a be ((-3)/4)/(s/(-12)). Suppose 1 - 4 = a*v. Determine g(v).
5
Let w(r) = 2*r + 14. Let s be (-96)/10 - (-108)/(-270). Calculate w(s).
-6
Let a(i) = -5*i**2 + i + 12 + 4*i**2 - 5. Suppose -64*o = -52*o. What is a(o)?
7
Let t(g) be the second derivative of -g**4/12 - 5*g**3/6 - 3*g**2/2 - 45*g. Determine t(-4).
1
Let u(q) = -q + 11. Let d be u(6). Suppose -2*l = d*y, -3*y + y = l. Let c(p) be the second derivative of -p**4/12 - p**3/6 + 7*p**2/2 + p. Determine c(l).
7
Let p be ((-4)/(-36))/(7/63)*0. Let b(o) = o**2 - o - 1. Calculate b(p).
-1
Suppose 10*f + 6 - 36 = 0. Let g(k) = k**3 - 6*k**2 + 3*k + 2. Give g(f).
-16
Let p(k) = 1 - 3*k**2 + k**3 - 5 + 1741*k - 1742*k. Give p(4).
8
Let o(x) = -7*x + 7. Suppose 18 = 8*z - 5*z. Let k be (-5)/(0 - -1)*-1. Let c(u) = 6*u - 6. Let h(n) = k*o(n) + z*c(n). What is h(-4)?
-5
Let p(o) = o**2 + 6*o - 30. Let i be p(4). Let r(d) = -d**2 + 9*d + 18. Determine r(i).
8
Let o(g) = -6*g - 2 + g**2 - 2 - 3. Let r(b) = 2*b - 4. Let l be r(-9). Let x = l - -28. Give o(x).
-7
Let w(k) = 0 - 67 - 1095*k + 554*k + 551*k. Calculate w(6).
-7
Let a be -5 - (0 + -2) - -5. Let z = 2 - a. Let x(f) = 2*f - 2 + z + 6 - 3. Determine x(-3).
-5
Suppose -4*j - g = -45, -10*j + 9*j = 5*g - 35. Let p(t) = -2*t + 21. What is p(j)?
1
Let u = 7 - 10. Let t(g) = -37*g + 2 + 76*g - 36*g + 0. Give t(u).
-7
Let m(o) = -o**3 - 22*o**2 + 2*o + 39. Let b be (7 - 4) + (-24 - 1). What is m(b)?
-5
Let m(b) be the second derivative of -3*b**5/4 - b**4/12 - b**3/3 - b**2/2 + 937*b. What is m(-1)?
15
Let b = -101 - -102. Let a(g) be the first derivative of 25*g**3/3 + g**2 - g - 5. Determine a(b).
26
Let t be (35/(-2) + 2)/((-2)/(-4)). Let v = t - -26. Let o(b) = 4*b + 7. What is o(v)?
-13
Let z(u) = 1 + 4*u**2 + u**3 + u - 1. Let a = -1072 - -1069. Give z(a).
6
Let d(j) = -2*j - 4. Let i be d(-7). Suppose 5*u + 5*r + i = r, 15 = 3*r. Let p(k) = 2*k - 8. Let v(b) = 4*b - 17. Let t(x) = u*v(x) + 13*p(x). What is t(-5)?
-12
Let q(j) = -j**2 + 1 + 20*j**3 - 2*j**3 - j - 9*j**3. Determine q(1).
8
Let p = 1 - -10. Let f(i) = -7*i**2 + 8*i**2 - 2*i**2 - p - 3*i**3 + 2*i**3. What is f(0)?
-11
Suppose 34 = 3*x + 373. Let s = x + 117. Let n(v) = v**3 - 2*v**2 - 4*v. Calculate n(s).
16
Let j(c) be the third derivative of -c**5/60 + 3*c**4/8 - 5*c**3/3 - 3*c**2. Suppose 24*a - 62 = 106. Determine j(a).
4
Suppose -3*s - 7 - 5 = 0. Let w(l) = l + 5. Let f(h) = -1. Let k = -8 + 7. Let g(c) = k*w(c) - f(c). Determine g(s).
0
Let g(y) = y**2 + 22*y + 46. Let c(j) = -5*j**2 - 111*j - 233. Let q(u) = 2*c(u) + 11*g(u). Calculate q(-18).
4
Let g(b) be the second derivative of -4*b**3/3 + 9*b**2/2 - b. Let f(z) = -23*z + 26. Let j be ((-18)/15 + -1)*5. Let k(x) = j*g(x) + 4*f(x). Determine k(5).
-15
Let u(q) = 75*q**2 - 17*q - 14*q - 2 - 70*q**2. What is u(6)?
-8
Let b(m) = -3*m - 24. Let g(j) = 3*j + 23. Let r(l) = -2*b(l) - 3*g(l). What is r(-5)?
-6
Let u(s) be the third derivative of s**6/120 - 7*s**5/60 + s**4/2 + s**3/6 + 138*s**2. What is u(4)?
1
Let t(v) = 0*v - v + 57 - 51. Let b be 0/(0 + (-6)/3). Give t(b).
6
Let x(b) = -b**3 + 4*b**2 + 4*b + 11. Let q(g) = -13*g**2 - 28*g + 1. Let s be q(-2). Calculate x(s).
6
Let i(q) = -12*q**2 - 4*q + q**3 - 7*q**2 + 22*q**2. Suppose 4 = 3*s + 4*c, 0 = -3*s - 0*c + 4*c - 28. Calculate i(s).
0
Let y be (-4)/6 + (-2)/(-3). Suppose -3*z = 4*m - 2*m + 23, 2*z - 2*m + 12 = y. Let g(i) = -i**3 - 7*i**2 - i - 3. What is g(z)?
4
Let k(c) = -c**2 + c - 7. Let x(w) = -15*w**3 + w**2. Let h be x(-1). Suppose -7*l + h = -5*l. Suppose 3*j = l*j. Give k(j).
-7
Let n = 143 + -148. Let w(h) = 2*h + 19. What is w(n)?
9
Let y(o) = -2*o + 28*o**3 + 2 - 7*o**3 - 1 - 11*o**3 - 9*o**3. Calculate y(1).
0
Suppose -5*y + 416 = -4*n, y = -3*n + 37 + 31. Let w be (20/y)/(1/4). Let r(d) = -28*d**3 + 1. Give r(w).
-27
Let o(v) = 3*v**3 + 6*v**2 - 4*v - 13. Let p be o(-2). Let n(x) = -2*x + 1. Calculate n(p).
11
Let s = 44 - 42. Let b(i) = -i**3 - 1 - 2*i - 5*i**2 - 3*i**s + 0. Give b(-8).
15
Let q = 6 + -13. Let l(r) be the second derivative of r**4/12 + 7*r**3/6 - 4*r**2 + 269*r. Calculate l(q).
-8
Let k = 372 - 376. Let y(d) = -d**3 - 5*d**2 - 3*d - 5. Determine y(k).
-9
Let z(b) = 2*b**2 + 2*b + 3. Suppose 0*w + 45 = -n - 4*w, -3*n + 4*w = 87. Let l = n - -31. Determine z(l).
7
Let m(p) = p**2 + 2*p - 4. Suppose -21 = -150*t + 143*t. Calculate m(t).
11
Let g = 15 - 18. Let a = 5 + -6. Let u(i) = i. Let f(x) = -5*x + 1. Let o(c) = a*f(c) - 3*u(c). Determine o(g).
-7
Let m(o) = 3*o**2 - 6*o - 4. Let d be m(3). Suppose d*j - 30 = 3*p, -8 = -5*j + 4*p + 22. Let k(z) = -2*z + 4. Give k(j).
-8
Let t be (-3 - -2)*(-7 - (-12 - -3)). Let q(u) = -2*u**2 - 1. Determine q(t).
-9
Let h(a) = 32*a + 63. Let d(z) = -75*z - 125. Let l(i) = 3*d(i) + 7*h(i). Give l(0).
66
Let k(v) = -v**3 - v**2 - 2*v - 3. Let y be k(-2). Let a(x) = -2*x**2 + 5*x**2 - 5*x + 5*x + 5 + 6*x - x**3. Calculate a(y).
-15
Let r(q) be the third derivative of 13*q**5/60 - q**4/24 - q**3/6 + 9*q**2 - q. Let w be ((-7 - -2) + 4)*1. What is r(w)?
13
Let b(c) = -c**3 - c**2 + 4*c + 3. Suppose 5*m = -6 + 26. Suppose -3*h + 29 = -2*w + 2*h, 4*w - m*h = -28. Give b(w).
-1
Let x(h) = 6*h**2 + 4*h - 7. Let r(v) = 17*v**2 + 11*v - 21. Let b(a) = -4*r(a) + 11*x(a). Calculate b(3).
-11
Let a(w) = -2*w**2 - 2*w + 1. Let c(l) = l**2 + l. Let b(v) = 3*a(v) + 4*c(v). Let u = 4 - 4. Suppose -5 = -y - 4*i, u = -3*y + 2*i + i - 15. Calculate b(y).
-9
Let h(o) = 10 - 249*o + 120*o + 126*o. Give h(11).
-23
Let m(n) = 9*n - 29. Let x(k) = 4*k - 14. Let a(s) = 3*m(s) - 7*x(s). Suppose -28 = -13*l + 37. Calculate a(l).
6
Suppose -q = -r + 12, 9*q - 6*q + 24 = 2*r. Let t(m) = -4*m**2 - r*m - 1 + 20*m - 9*m. Calculate t(-1).
-4
Let y(r) = 2*r**2 + 15*r + 3. Let w be y(-9). Let z(a) = w*a**3 + 4*a**2 + 4*a - 31*a**3 - 6 - a**2. Give z(4).
-6
Let s = 17 - 9. Let t(n) = -n**3 + 7*n**2 + 4*n + 7. Determine t(s).
-25
Let p be -14*(-6)/(-12) - -10. Let j(c) = -c**3 + 5*c**2 - 3*c - 2. Determine j(p).
7
Let o be 40/24 - (-1)/3. Let t(z) = o - z**3 + 1 + 109*z**2 - 106*z**2 + 5*z. Suppose 2*a - 3 = 5. What is t(a)?
7
Let g(s) be the first derivative of s**4/4 + 10*s**3/3 + 5*s**2 + 9*s - 8. Give g(-9).
0
Let n(l) = -52 + 88 - 3*l - 53. What is n(-6)?
1
Let g(b) = -4*b**3 - 2*b**2 + b. Let t be g(1). Let q(a) = 5*a - 14. Let v(h) = -9*h + 26. Let k(i) = -11*q(i) - 6*v(i). Determine k(t).
3
Suppose -216*a + 210*a = 18. Let k(x) = -3*x - 5. Determine k(a).
4
Suppose 4*j - 3*m = -0*j + 12, -3*j + 3*m = -6. Let o(c) = c**2 - 3*c + 2. Let v(x) = -2*x**2 + 7*x - 5. Let y(u) = -5*o(u) - 3*v(u). Determine y(j).
5
Let u be 8*(-10)/(-60)*12/2. Let k(